ands digit of 15887402?
8
What is the ten thousands digit of 202197?
0
What is the millions digit of 29712584?
9
What is the hundreds digit of 1985869?
8
What is the hundreds digit of 4988506?
5
What is the thousands digit of 79665?
9
What is the ten thousands digit of 672223?
7
What is the thousands digit of 246083?
6
What is the thousands digit of 667521?
7
What is the tens digit of 742209?
0
What is the hundreds digit of 2287527?
5
What is the thousands digit of 1083828?
3
What is the hundreds digit of 187682?
6
What is the ten millions digit of 19165865?
1
What is the tens digit of 55472?
7
What is the ten thousands digit of 9196344?
9
What is the hundred thousands digit of 6384844?
3
What is the millions digit of 7431211?
7
What is the tens digit of 873928?
2
What is the hundreds digit of 10337536?
5
What is the thousands digit of 145036?
5
What is the units digit of 98424?
4
What is the units digit of 10027?
7
What is the tens digit of 445083?
8
What is the thousands digit of 1379943?
9
What is the tens digit of 231163?
6
What is the ten thousands digit of 1222864?
2
What is the hundreds digit of 5737475?
4
What is the hundred thousands digit of 142844?
1
What is the hundreds digit of 3062927?
9
What is the millions digit of 2611727?
2
What is the hundred thousands digit of 656314?
6
What is the units digit of 118549?
9
What is the thousands digit of 147337?
7
What is the millions digit of 12144688?
2
What is the units digit of 96973?
3
What is the hundred thousands digit of 235199?
2
What is the units digit of 14810551?
1
What is the tens digit of 1728502?
0
What is the millions digit of 1174356?
1
What is the thousands digit of 12853481?
3
What is the ten millions digit of 11858534?
1
What is the thousands digit of 192053?
2
What is the units digit of 2084773?
3
What is the tens digit of 36540?
4
What is the millions digit of 14583294?
4
What is the ten thousands digit of 30033549?
3
What is the hundred thousands digit of 658251?
6
What is the hundreds digit of 1331901?
9
What is the ten thousands digit of 2222374?
2
What is the units digit of 480045?
5
What is the units digit of 12947?
7
What is the units digit of 518041?
1
What is the units digit of 2117454?
4
What is the hundred thousands digit of 107837?
1
What is the thousands digit of 240178?
0
What is the ten thousands digit of 15223147?
2
What is the thousands digit of 256567?
6
What is the thousands digit of 793178?
3
What is the tens digit of 7517217?
1
What is the tens digit of 651299?
9
What is the ten millions digit of 15875161?
1
What is the thousands digit of 4986015?
6
What is the tens digit of 1542761?
6
What is the millions digit of 1850194?
1
What is the thousands digit of 31164997?
4
What is the hundred thousands digit of 728429?
7
What is the ten thousands digit of 11869607?
6
What is the ten thousands digit of 158955?
5
What is the units digit of 309238?
8
What is the hundred thousands digit of 1400254?
4
What is the hundred thousands digit of 277394?
2
What is the millions digit of 1641394?
1
What is the millions digit of 7983404?
7
What is the hundred thousands digit of 5183318?
1
What is the tens digit of 1518925?
2
What is the units digit of 31819275?
5
What is the tens digit of 244510?
1
What is the ten thousands digit of 38996?
3
What is the units digit of 418398?
8
What is the tens digit of 6625385?
8
What is the units digit of 12391274?
4
What is the millions digit of 6543304?
6
What is the millions digit of 5571326?
5
What is the units digit of 3847644?
4
What is the units digit of 77730?
0
What is the hundred thousands digit of 704248?
7
What is the thousands digit of 187329?
7
What is the hundreds digit of 18727131?
1
What is the tens digit of 94391?
9
What is the units digit of 1029206?
6
What is the hundreds digit of 28663?
6
What is the ten thousands digit of 139777?
3
What is the hundreds digit of 1219110?
1
What is the thousands digit of 315434?
5
What is the tens digit of 70764?
6
What is the hundreds digit of 653471?
4
What is the ten thousands digit of 371681?
7
What is the units digit of 1458074?
4
What is the tens digit of 2053935?
3
What is the tens digit of 11801025?
2
What is the hundreds digit of 89308?
3
What is the thousands digit of 12245803?
5
What is the millions digit of 1056158?
1
What is the hundred thousands digit of 1708333?
7
What is the hundred thousands digit of 3751555?
7
What is the tens digit of 1337229?
2
What is the ten thousands digit of 1288341?
8
What is the hundreds digit of 436241?
2
What is the tens digit of 4492831?
3
What is the hundreds digit of 429249?
2
What is the hundred thousands digit of 152711?
1
What is the hundreds digit of 5857243?
2
What is the millions digit of 1279393?
1
What is the hundred thousands digit of 229715?
2
What is the hundreds digit of 1113280?
2
What is the millions digit of 7816171?
7
What is the hundreds digit of 4079813?
8
What is the tens digit of 3310748?
4
What is the hundred thousands digit of 15707067?
7
What is the units digit of 4684385?
5
What is the hundreds digit of 3084191?
1
What is the units digit of 2284092?
2
What is the units digit of 8945739?
9
What is the units digit of 2415230?
0
What is the hundred thousands digit of 221452?
2
What is the thousands digit of 642271?
2
What is the ten thousands digit of 76633?
7
What is the ten thousands digit of 3764884?
6
What is the tens digit of 35473?
7
What is the units digit of 636891?
1
What is the ten thousands digit of 604360?
0
What is the hundreds digit of 159912?
9
What is the millions digit of 3167967?
3
What is the millions digit of 8616873?
8
What is the hundreds digit of 280921?
9
What is the hundred thousands digit of 451277?
4
What is the hundred thousands digit of 701604?
7
What is the ten thousands digit of 52281?
5
What is the tens digit of 165145?
4
What is the units digit of 79372?
2
What is the ten millions digit of 10071430?
1
What is the hundreds digit of 12785642?
6
What is the hundreds digit of 6666?
6
What is the units digit of 3507906?
6
What is the tens digit of 7148677?
7
What is the tens digit of 181112?
1
What is the ten thousands digit of 292855?
9
What is the tens digit of 197963?
6
What is the hundreds digit of 9848590?
5
What is the hundreds digit of 42072?
0
What is the units digit of 110899?
9
What is the thousands digit of 317805?
7
What is the tens digit of 12420811?
1
What is the tens digit of 7098554?
5
What is the thousands digit of 417973?
7
What is the hundreds digit of 859874?
8
What is the hundred thousands digit of 31210032?
2
What is the units digit of 12793900?
0
What is the thousands digit of 587201?
7
What is the millions digit of 4597347?
4
What is the units digit of 4872759?
9
What is the units digit of 985911?
1
What is the units digit of 21599?
9
What is the thousands digit of 1733765?
3
What is the hundreds digit of 1684133?
1
What is the ten thousands digit of 4165118?
6
What is the tens digit of 29981086?
8
What is the ten thousands digit of 1056774?
5
What is the thousands digit of 61395?
1
What is the tens digit of 623847?
4
What is the hundred thousands digit of 1711262?
7
What is the millions digit of 16397354?
6
What is the millions digit of 1541988?
1
What is the millions digit of 6016019?
6
What is the units digit of 531485?
5
What is the millions digit of 1837040?
1
What is the ten thousands digit of 3863924?
6
What is the thousands digit of 4784669?
4
What is the hundreds digit of 183598?
5
What is the tens digit of 9174621?
2
What is the millions digit of 2530383?
2
What is the thousands digit of 93538?
3
What is the units digit of 1128848?
8
What is the ten thousands digit of 11983114?
8
What is the ten thousands digit of 3629482?
2
What is the hundred thousands digit of 2522484?
5
What is the hundred thousands digit of 210381?
2
What is the units digit of 1720255?
5
What is the thousands digit of 8064661?
4
What is the tens digit of 5017696?
9
What is the tens digit of 290457?
5
What is the units digit of 12160796?
6
What is the hundred thousands digit of 325765?
3
What is the millions digit of 33026095?
3
What is the hundreds digit of 241903?
9
What is the units digit of 2831731?
1
What is the thousands digit of 858835?
8
What is the tens digit of 437232